{"id":4718,"date":"2025-05-21T11:45:04","date_gmt":"2025-05-21T11:45:04","guid":{"rendered":"https:\/\/yegem.org.tr\/?page_id=4718"},"modified":"2025-05-21T11:48:43","modified_gmt":"2025-05-21T11:48:43","slug":"hakkimizda","status":"publish","type":"page","link":"https:\/\/yegem.org.tr\/index.php\/hakkimizda\/","title":{"rendered":"Hakk\u0131m\u0131zda"},"content":{"rendered":"<p>Yegem Ailesi Olarak Heybemize 400 Milyon Yetimin, 160 Milyon \u00c7ocuk \u0130\u015f\u00e7inin Ve Bir O Kadar da \u00d6ks\u00fcz Ve Sosyal Yetimin Derdini S\u0131rtlan\u0131yor; Himayemizdeki Erkek ve K\u0131z \u00c7ocuklar\u0131m\u0131za Kendi Ayaklar\u0131 \u00dczerinde Duracaklar\u0131 Zamana Kadar, Bir Yandan E\u011fitim Sa\u011fl\u0131yor,\u00a0 bir yandan da aram\u0131zda Karde\u015flik Ba\u011f\u0131n\u0131 in\u015fa ediyoruz. \u00c7ocuklar\u0131m\u0131z\u0131n, \u00e7a\u011f\u0131n getirdi\u011fi tehlikelerden korunmas\u0131 amac\u0131yla kayna\u011fa d\u00f6n\u00fcyor; E\u011fitim Merkezlerimizde Siyer, Kur\u2019an Adap Dersleri \u0130le hem \u00f6\u011freniyor hem de \u00f6\u011frendiklerimizi hayat\u0131m\u0131za tatbik etmeye \u00e7al\u0131\u015f\u0131yoruz. Himayemizdeki Her Bir \u00c7ocu\u011fumuza destek verirken Ailesine de unutmuyor, Onlara Fatura Ve Kira Deste\u011fi veriyor, Kumanya Ve Kurban Yard\u0131mlar\u0131n\u0131 ula\u015ft\u0131r\u0131yoruz. Sa\u011fl\u0131kl\u0131 Anne \u00c7ocuk ili\u015fkisini tesis etmek amac\u0131yla; Anne \u00c7ocuk At\u00f6lyeleri ve Seminerleri d\u00fczenliyor, bu \u00e7a\u011fda fikren ve ruhen olgunla\u015fm\u0131\u015f \u00e7ocuk yeti\u015ftirme \u00fczerinde \u00e7al\u0131\u015fmalar yap\u0131yoruz. E\u011fitim ve \u00d6\u011fretim D\u00f6nemi ba\u015f\u0131nda, taraf\u0131m\u0131zda \u00fcrettirilen, tasar\u0131mlar\u0131 Derne\u011fimize ait olan Milli Ve Manevi De\u011ferlerimize Uygun K\u0131rtasiye Yard\u0131mlar\u0131 ile de \u00e7ocuklar\u0131m\u0131z\u0131n k\u0131rtasiye ihtiya\u00e7lar\u0131n\u0131 kar\u015f\u0131l\u0131yoruz.\u00a0 Yurtd\u0131\u015f\u0131 Faaliyetlerimiz Kapsam\u0131nda Sava\u015f B\u00f6lgeleri Ve Misyonerlik Faaliyetlerin Y\u00fcr\u00fct\u00fcld\u00fc\u011f\u00fc Afrika K\u0131tas\u0131nda Gen\u00e7lik Merkezleri A\u00e7mak i\u00e7in \u00e7al\u0131\u015f\u0131yor; Derne\u011fimizin kurulu\u015fu olan Rim Yay\u0131nlar\u0131m\u0131z taraf\u0131ndan yay\u0131nlanan eserlerimizin Frans\u0131zca \u0130ngilizce Arap\u00e7aya \u00c7evirisini de yaparak b\u00f6lgedeki merkezlerimize ula\u015ft\u0131r\u0131yoruz.\u00a0 Ayr\u0131ca Yurtd\u0131\u015f\u0131nda hamili\u011fini \u00fcstlendi\u011fimiz Yetim Ve \u00d6ks\u00fcz \u00e7ocuklar\u0131m\u0131z\u0131n \u00fclkemiz okullar\u0131nda e\u011fitim almalar\u0131n\u0131 sa\u011flamak amac\u0131yla gerekli destekleri sa\u011fl\u0131yoruz.\u00a0<\/p><p>Uluslararas\u0131 Yeni Nesil Gen\u00e7lik Ve E\u011fitim Derne\u011fi Olarak Yetim E\u011fitim Hamili\u011fi Projemiz, D\u00fcnya Genelindeki Mazlum Co\u011frafyalarda Yetimlerin E\u011fitim Masraflar\u0131n\u0131 Kar\u015f\u0131lamaya Y\u00f6nelik Geli\u015ftirdi\u011fi Bir Projedir.&nbsp;<\/p><h3 class=\"wp-block-heading\">Projenin Amac\u0131&nbsp;&nbsp;<\/h3><p>Sistemimize Dahil Olan 9 ve daha K\u00fc\u00e7\u00fck ya\u015ftaki Yetim, \u00f6ks\u00fcz ve sosyal yetim durumundaki \u00e7ocuklar\u0131m\u0131z\u0131n e\u011fitim hayat\u0131nda kar\u015f\u0131la\u015fabilecekleri maddi problemleri \u00e7\u00f6zmek amac\u0131yla destek vermek ve manevi rehberlik yapmakt\u0131r.&nbsp;&nbsp;&nbsp;<\/p><h3 class=\"wp-block-heading\">Yetim &#8211; \u00d6ks\u00fcz &#8211; Sosyal Yetimlere E\u011fitim\u2019de Manevi Destek&nbsp;&nbsp;<\/h3><p>Okul \u00f6ncesi d\u00f6nemden ba\u015flayarak sistemimize dahil olan \u00e7ocuklar\u0131m\u0131za; e\u011fitim hayatlar\u0131ndaki maddi problemlerin \u00e7\u00f6z\u00fcm\u00fc hususunda destek sa\u011flarken mahrum kald\u0131klar\u0131 anne-baba sevgisinin olumsuz etkilerini azalmak y\u00fczlerinde tebess\u00fcm olmak amac\u0131yla&nbsp; g\u00f6n\u00fcll\u00fcerimiz ile \u00e7ocuklar\u0131m\u0131z aras\u0131nda karde\u015flik ba\u011f\u0131 kuruyoruz, Dinimizi \u00f6\u011fretmeyi \u00f6\u011f\u00fct vermek olarak g\u00f6rm\u00fcyor; hayat\u0131n bizatihi i\u00e7erisindeki ve kendisi olan bir din d\u00fc\u015f\u00fcncesi ile; sevdirerek din \u00f6\u011fretimi metotlar\u0131n\u0131 Adap, Siyer, Kur\u2019an Gibi derslerimizde uyguluyoruz. Nihayetindeki amac\u0131m\u0131z himayemizdeki \u00e7ocuklar\u0131m\u0131za; Rabbimizin keremiyle m\u00fcmin karakterinin in\u015fa edilmesi, hayata M\u00fcsl\u00fcmanca bir bak\u0131\u015f kazand\u0131r\u0131lmas\u0131d\u0131r.&nbsp;&nbsp;<\/p><h3 class=\"wp-block-heading\">Yetim E\u011fitim Hamisi Nas\u0131l Olurum ?\u00a0\u00a0<\/h3><p>E\u011fitim Hamili\u011fi Sistemimize Dahil Olmak \u0130\u00e7in \u00d6ncelikle Derne\u011fimizin her y\u0131l i\u00e7in belirledi\u011fi (2025 y\u0131l\u0131 i\u00e7in 1.000,00-TL) \u201cE\u011fitim Hamili\u011fi \u0130\u00e7in Destek Bedeli\u201dni Dernek Resm\u00ee Hesab\u0131na \u2018\u0130sim Soyad\u0131 E\u011fitim Hamili\u011fi ve Telefon Numaras\u0131\u2019\u2019 A\u00e7\u0131klamas\u0131 \u0130le toplu olarak yat\u0131rmak veya ayl\u0131k olarak yat\u0131rmay\u0131 taahh\u00fct etmektedir. Dernek resmi ileti\u015fim hesaplar\u0131m\u0131za (WHATSAPP, TELEGRAM, B\u0130P) \u00f6demeye ili\u015fkin dekontun iletilmesi akabinde; Derne\u011fimiz taraf\u0131ndan hamilik atamas\u0131 yap\u0131l\u0131r ve ba\u011f\u0131\u015f\u00e7\u0131ya bilgiler iletilir.&nbsp; \u00d6demelerin d\u00fczenli olarak (toplu veya ayl\u0131k) yap\u0131lmas\u0131 esas olmakla beraber, ba\u011f\u0131\u015f\u00e7\u0131n\u0131n sistemden ayr\u0131lmas\u0131 ve himayesindeki \u00e7ocu\u011fun say\u0131s\u0131n\u0131 art\u0131rmak istemesinde serbestlik tan\u0131nm\u0131\u015ft\u0131r.&nbsp;&nbsp;&nbsp;<\/p><p>E\u011fitim hamili\u011fi \u00fcstlenilen \u00e7ocu\u011fumuza ait bilgileri ihtiva eden&nbsp; rapor 3 ila 6 ayl\u0131k d\u00f6nemler halinde ba\u011f\u0131\u015f\u00e7\u0131ya iletilir. Ba\u011f\u0131\u015f\u00e7\u0131n\u0131n, E\u011fitim Masraflar\u0131n\u0131 \u00dcstlendi\u011fi \u00c7ocu\u011fa ba\u015fkaca yard\u0131m ve destek sa\u011flamak istemesi durumunda (K\u0131rtasiye, Aile Destek Yard\u0131m\u0131, Giyim Yard\u0131m\u0131 Gibi) Derne\u011fimizce \u00e7al\u0131\u015fmalar yap\u0131larak ihtiya\u00e7lar belirlenir.&nbsp;&nbsp;<\/p>","protected":false},"excerpt":{"rendered":"<p>Yegem Ailesi Olarak Heybemize 400 Milyon Yetimin, 160 Milyon \u00c7ocuk \u0130\u015f\u00e7inin Ve Bir O Kadar da \u00d6ks\u00fcz Ve Sosyal Yetimin Derdini S\u0131rtlan\u0131yor; Himayemizdeki Erkek ve K\u0131z \u00c7ocuklar\u0131m\u0131za Kendi Ayaklar\u0131 \u00dczerinde Duracaklar\u0131 Zamana Kadar, Bir Yandan E\u011fitim Sa\u011fl\u0131yor,\u00a0 bir yandan da aram\u0131zda Karde\u015flik Ba\u011f\u0131n\u0131 in\u015fa ediyoruz. \u00c7ocuklar\u0131m\u0131z\u0131n, \u00e7a\u011f\u0131n getirdi\u011fi tehlikelerden korunmas\u0131 amac\u0131yla kayna\u011fa d\u00f6n\u00fcyor; E\u011fitim Merkezlerimizde&#8230;<\/p>\n","protected":false},"author":1,"featured_media":0,"parent":0,"menu_order":0,"comment_status":"closed","ping_status":"closed","template":"","meta":{"give_campaign_id":0,"_monsterinsights_skip_tracking":false,"_monsterinsights_sitenote_active":false,"_monsterinsights_sitenote_note":"","_monsterinsights_sitenote_category":0,"footnotes":""},"class_list":["post-4718","page","type-page","status-publish","hentry","page--item"],"aioseo_notices":[],"campaignId":"","_links":{"self":[{"href":"https:\/\/yegem.org.tr\/index.php\/wp-json\/wp\/v2\/pages\/4718","targetHints":{"allow":["GET"]}}],"collection":[{"href":"https:\/\/yegem.org.tr\/index.php\/wp-json\/wp\/v2\/pages"}],"about":[{"href":"https:\/\/yegem.org.tr\/index.php\/wp-json\/wp\/v2\/types\/page"}],"author":[{"embeddable":true,"href":"https:\/\/yegem.org.tr\/index.php\/wp-json\/wp\/v2\/users\/1"}],"replies":[{"embeddable":true,"href":"https:\/\/yegem.org.tr\/index.php\/wp-json\/wp\/v2\/comments?post=4718"}],"version-history":[{"count":5,"href":"https:\/\/yegem.org.tr\/index.php\/wp-json\/wp\/v2\/pages\/4718\/revisions"}],"predecessor-version":[{"id":4724,"href":"https:\/\/yegem.org.tr\/index.php\/wp-json\/wp\/v2\/pages\/4718\/revisions\/4724"}],"wp:attachment":[{"href":"https:\/\/yegem.org.tr\/index.php\/wp-json\/wp\/v2\/media?parent=4718"}],"curies":[{"name":"wp","href":"https:\/\/api.w.org\/{rel}","templated":true}]}}